4531 prime?
True
Is 9743 a prime number?
True
Is 234713 a prime number?
True
Is 823613 prime?
False
Is 2380777 a composite number?
True
Is 1643 a prime number?
False
Is 88043 prime?
False
Is 21647 composite?
False
Is 254321 a composite number?
True
Is 33819 prime?
False
Is 1524869 a prime number?
False
Is 3669 composite?
True
Is 48079 composite?
False
Is 251 prime?
True
Is 378259 prime?
False
Is 2579713 composite?
True
Is 418611 prime?
False
Is 104623 composite?
False
Is 15877 composite?
False
Is 169489 prime?
True
Is 10993 prime?
True
Is 4717 composite?
True
Is 64951 a prime number?
True
Is 63901 a prime number?
True
Is 597923 a composite number?
False
Is 468601 a composite number?
True
Is 5554 prime?
False
Is 12443 a prime number?
False
Is 1320377 a composite number?
False
Is 214315 a composite number?
True
Is 25706 a prime number?
False
Is 407 a prime number?
False
Is 3829 a composite number?
True
Is 118133 a prime number?
False
Is 2289739 a prime number?
True
Is 24763 composite?
False
Is 9901 composite?
False
Is 532241 a composite number?
False
Is 2059 a prime number?
False
Is 106087 composite?
False
Is 716746 a composite number?
True
Is 16619 a composite number?
False
Is 227849 composite?
False
Is 18478 a composite number?
True
Is 697139 prime?
False
Is 1619 composite?
False
Is 14923 a prime number?
True
Is 84893 composite?
True
Is 1829 prime?
False
Is 255155 a composite number?
True
Is 1036639 a composite number?
True
Is 631927 composite?
False
Is 1042009 composite?
True
Is 35069 prime?
True
Is 56557 prime?
False
Is 44617 a prime number?
True
Is 2999 a prime number?
True
Is 161611 a prime number?
True
Is 401551 a prime number?
True
Is 107567 a composite number?
True
Is 4201 a composite number?
False
Is 76907 composite?
False
Is 6229 prime?
True
Is 292901 prime?
False
Is 9223 a prime number?
False
Is 8285 a composite number?
True
Is 46229 prime?
True
Is 10349 composite?
True
Is 567679 prime?
False
Is 1291 prime?
True
Is 158869 prime?
False
Is 14291 prime?
False
Is 345041 composite?
False
Is 271787 a composite number?
False
Is 109969 a prime number?
False
Is 521861 prime?
True
Is 1621247 prime?
False
Is 40193 composite?
False
Is 300919 a prime number?
False
Is 40577 composite?
False
Is 184919 prime?
False
Is 24943 composite?
False
Is 933421 a prime number?
True
Is 7747 composite?
True
Is 24397 a composite number?
True
Is 102911 a prime number?
True
Is 679207 a composite number?
False
Is 2173 composite?
True
Is 9349 prime?
True
Is 61547 a composite number?
False
Is 17209 a prime number?
True
Is 413431 a composite number?
True
Is 183373 prime?
True
Is 13963 a composite number?
False
Is 2771 composite?
True
Is 121909 a prime number?
True
Is 7837 a prime number?
False
Is 49291 prime?
False
Is 913063 a composite number?
False
Is 928631 composite?
True
Is 3607261 a composite number?
True
Is 13891 composite?
True
Is 15999 a composite number?
True
Is 107507 composite?
False
Is 232741 a prime number?
True
Is 110339 a prime number?
True
Is 109631 composite?
True
Is 7031 a prime number?
False
Is 391 composite?
True
Is 361022 a composite number?
True
Is 480013 a prime number?
True
Is 541 prime?
True
Is 559291 a prime number?
False
Is 506047 prime?
True
Is 78586 a prime number?
False
Is 28921 a composite number?
False
Is 174017 a prime number?
True
Is 27595 a prime number?
False
Is 31757 a composite number?
True
Is 197437 prime?
False
Is 2139091 a prime number?
True
Is 362513 prime?
False
Is 11233 prime?
False
Is 11027 a composite number?
False
Is 3371 composite?
False
Is 114151 prime?
False
Is 4201 composite?
False
Is 2101 prime?
False
Is 787123 composite?
False
Is 1217 composite?
False
Is 12251 a composite number?
False
Is 383371 prime?
True
Is 98281 prime?
False
Is 181157 composite?
False
Is 156569 composite?
True
Is 257 prime?
True
Is 1038187 prime?
True
Is 18947 a prime number?
True
Is 86611 a prime number?
False
Is 1709 a prime number?
True
Is 923773 a prime number?
True
Is 6113 a prime number?
True
Is 10801249 a composite number?
False
Is 3941 a composite number?
True
Is 571277 composite?
True
Is 13093 prime?
True
Is 15685 a prime number?
False
Is 27343 a prime number?
False
Is 87421 a composite number?
False
Is 204817 composite?
True
Is 26513 a prime number?
True
Is 7593 a composite number?
True
Is 877 a composite number?
False
Is 10006 a prime number?
False
Is 29177 a composite number?
True
Is 167303 prime?
False
Is 7283 a prime number?
True
Is 77813 a prime number?
True
Is 331691 composite?
False
Is 22531 prime?
True
Is 1288891 a prime number?
True
Is 203857 a prime number?
True
Is 51929 composite?
False
Is 23573 composite?
True
Is 33742 a composite number?
True
Is 15833 a composite number?
True
Is 28789 a composite number?
False
Is 24907 a composite number?
False
Is 46807 a composite number?
False
Is 29411 prime?
True
Is 153557 a composite number?
False
Is 206101 prime?
False
Is 21223 a composite number?
True
Is 194014 prime?
False
Is 74491 composite?
True
Is 6995 prime?
False
Is 326831 a prime number?
True
Is 7993 a prime number?
True
Is 5279 prime?
True
Is 142409 prime?
False
Is 2609 a composite number?
False
Is 64301 composite?
False
Is 19263 composite?
True
Is 105379 a prime number?
True
Is 1119299 a prime number?
True
Is 2563 a composite number?
True
Is 19151 composite?
True
Is 7279 a prime number?
False
Is 8419 a prime number?
True
Is 77381 a composite number?
True
Is 194777 a composite number?
True
Is 14093 composite?
True
Is 34761 a prime number?
False
Is 59803 composite?
True
Is 24161 prime?
False
Is 790693 a prime number?
True
Is 19699 a composite number?
False
Is 10961 a prime number?
False
Is 441097 composite?
True
Is 3572243 prime?
True
Is 1117 composite?
False
Is 1039 composite?
False
Is 213821 a composite number?
False
Is 16349 composite?
False
Is 11029 prime?
False
Is 96611 prime?
False
Is 22739 a composite number?
False
Is 77641 composite?
False
Is 11233 a prime number?
False
Is 1781 a prime number?
False
Is 22339 prime?
False
Is 193423 composite?
False
Is 152567 a prime number?
True
Is 58009 a prime number?
False
Is 18013 a prime number?
True
Is 21211 a prime number?
True
Is 7846 composite?
True
Is 325735 a prime number?
False
Is 23995 prime?
False
Is 9941 composite?
False
Is 131809 composite?
True
Is 4049 a prime number?
True
Is 31769 a prime number?
True
Is 337 a composite number?
False
Is 166819 a composite number?
True
Is 58759 a prime number?
False
Is 81505 composite?
True
Is 557873 a composite number?
True
Is 145693 prime?
False
Is 1961 a prime number?
False
Is 620069 composite?
True
Is 273031 prime?
False
Is 24703 composite?
True
Is 26689 prime?
False
Is 19733 composite?
True
Is 1278511 a prime number?
False
Is 42487 composite?
False
Is 225053 a composite number?
True
Is 13579 composite?
True
Is 341 a prime number?
False
Is 1529 composite?
True
Is 9029 composite?
False
Is 577421 a composite number?
True
Is 1788373 a composite number?
False
Is 68131 a prime number?
False
Is 344509 composite?
True
Is 1973 composite?
False
Is 904841 prime?
False
Is 155069 composite?
False
Is 30437 prime?
False
Is 326 a prime number?
False
Is 129515 composite?
True
Is 2479 a composite number?
True
Is 36535 composite?
True
Is 11719 prime?
True
Is 209578 a prime number?
False
Is 137827 a composite number?
False
Is 199033 prime?
True
Is 10757 prime?
False
Is 346727 composite?
True
Is 476711 prime?
False
Is 55241 a composite number?
True
Is 46 composite?
True
Is 5671 a composite number?
True
Is 27611 a prime number?
True
Is 3256451 prime?
False
Is 21703 composite?
True
Is 12997 a composite number?
True
Is 68963 a prime number?
True
Is 215245 a composite number?
True
Is 65239 prime?
True
Is 6947 a composite number?
False
Is 141153 composite?
True
Is 976102 a prime number?
False
Is 131797 composite?
False
Is 12199 composite?
True
Is 290287 a prime number?
False
Is 104653 prime?
False
Is 8213 prime?
False
Is 782927 prime?
False
Is 357041 composite?
True
Is 16787 prime?
True
Is 32687 a prime number?
True
Is 86017 prime?
True
Is 187507 prime?
True
Is 1765 a composite number?
True
Is 1324454 composite?
True
Is 971639 a composite number?
False
Is 7187 composite?
False
Is 877 a prime number?
True
Is 282349 a composite number?
False
Is 769 a com